Calculate 5 + 0 + 5 - (-8 - (-7 + 1)).
12
What is the value of -1 + 0 + -1 - (64 + -66) - -10?
10
What is the value of ((-9 - -7) + 10 - 7) + -17?
-16
What is the value of (-40 - 4) + (2 + 5 - -7)?
-30
54 - 45 - (-6 + (4 - (1 + 2)))
14
What is the value of -1 - (-2 - (-4 + 1))?
-2
Evaluate 2 + 3 + -2 + (-5 - -5 - 4).
-1
What is -17 - (-9 + (-2 - -18) + 9 + -13)?
-20
Evaluate 68 - 80 - (-4 + 8 - -6).
-22
What is the value of -16 + 20 + -6 + -14 + 1?
-15
(3 - (6 + -4)) + (-6 - (-7 - 7))
9
What is the value of -3 - ((3 - (2 + 1)) + 1 + 2)?
-6
Calculate 2 - 4 - -5 - (5 - 36 - -31).
3
What is the value of 1 + 0 + 0 + (10 - 9) + 6?
8
What is the value of (31 - 9 - 10) + -7 - 13?
-8
-2 + 0 + (14 + -6 - -7) + -13
0
What is -2 + (-6 - -1) + (-2 - (0 - -2))?
-11
Evaluate (15 - 6) + (14 - (2 + 7) - -1).
15
Evaluate 4 + (-8 + 2 - (5 - 5)).
-2
Evaluate 10 + -27 - 2 - 0.
-19
-6 + 11 + -5 + (4 - (3 + -2))
3
What is (-1 - 20) + (1781 - 1781)?
-21
Evaluate (0 - (-27 + 7)) + -18.
2
14 - (2 + -9 + 9 + 6)
6
Calculate (73 - 64) + -3 + 5.
11
Calculate (10 - (10 - 3)) + -1 + (0 - 3).
-1
What is (6 - 3) + (1 - -5) + (5 - 9)?
5
What is -10 - ((10 - 6) + -2 - (41 + 2))?
31
Calculate 51 + -55 + -4 + (6 - 2 - 5).
-9
What is (-13 - (-2 + -20)) + -9 - (1 + -17)?
16
(135 - 132) + (9 - (-4 - -6)) + 0
10
What is 50 + -44 + 1 + -10 - 6?
-9
Evaluate 20 + -69 - (-91 - -57).
-15
Calculate 1 + (7 - -2) + -18 + 22.
14
Evaluate -4 + 0 - (54 + -76) - 7.
11
Evaluate 91 + -20 - (-1 - -41).
31
What is the value of -3 + 3 + (-69 - -65) + -21?
-25
Evaluate 0 + -2 + (-7 + 1 - -12) - -5.
9
Calculate 17 + -2 + 2 - (-8 + (9 - -2)).
14
What is -2 + 1 + (-12 - (1 + (-2 - 14)))?
2
What is the value of -249 - -252 - (-1 - (-17 - -1))?
-12
What is -9 + 16 + -9 + -24?
-26
What is 2 - 9 - (5 + -16) - -7?
11
Calculate (-23 - (-1 + 2 - (16 + -14))) + -2.
-24
12 + -9 - 7 - -11
7
Calculate -5 - (-3 - -4) - -10 - -7.
11
What is the value of (24 - (2 - 11)) + -6?
27
What is the value of (-17 - -26) + -18 - (-25 + -1)?
17
-11 + 12 + 41 + -9
33
What is (-142 - -129) + 0 + 6?
-7
What is 62 + -33 - ((-6 - 0) + 17)?
18
What is the value of (3 - (-4 + -5 + (9 - -10))) + 10?
3
What is the value of (-10 - (20 + -16)) + -2 + -9?
-25
What is the value of -3 - (14 + -8 + 1)?
-10
What is the value of -7 - 1 - (7 - (31 + -4))?
12
Calculate -12 - (0 - 0 - 18) - (-18 - -1).
23
What is 4 + -5 + -7 + 17?
9
-9 + (-12 + 17 + -9 - (5 - 2))
-16
What is -55 + (17 - (0 - 14))?
-24
Calculate -12 + (27 - 16) + 1.
0
Calculate -12 + (26 - (4 - -16) - (5 + 2)).
-13
75 + -57 - (4 - 9)
23
What is -10 - (8 + (7 - 19) + 12)?
-18
Evaluate 28 + 3 - (30 + -20) - 2.
19
Evaluate -20 + (-7 + 4 - (-8 + (0 - 2))).
-13
Calculate 48 + (24 - (69 - 17)).
20
What is -6 + -3 + (-1 - -27 - 8)?
9
Evaluate 2 + -5 + -4 + 6 + 2.
1
What is -18 - (-21 - (1 + 15))?
19
What is (12 - 6) + (5 + 0 - -1)?
12
Calculate -18 - (-12 + 24 + -33) - -22.
25
Evaluate (8 - 0) + (116 - 108).
16
What is the value of (-4 - -10) + -2 + (-18 - (-1 + -3))?
-10
What is (27 - 36) + 50 - 31?
10
Evaluate -28 + (55 - 28) + 1 + 1 + -7.
-6
(-3 + -11 - 5) + 25 + (0 - -5)
11
What is the value of 9 + -7 + (2 - -1) - 7?
-2
What is the value of 2 + 6 - 5 - 5 - (20 + -4)?
-18
What is (-177 - -176) + (0 - -46) - (3 - -2)?
40
What is the value of 16 + (14 - -10) + -25?
15
What is the value of -2 - (-3 + (14 - (5 + -5)))?
-13
What is the value of (-11 - 3 - -8 - -4) + (15 - -6)?
19
What is the value of 2 - 13 - (-4 + 10 + -13 + 11)?
-15
What is the value of 2 - (-8 - (14 + -13))?
11
Calculate 1260 - 1247 - (-3 + -1).
17
21 - (1 + 18 - 12) - 2
12
Calculate -18 + 45 + (-15 - 4).
8
Evaluate (29 - (31 + -16)) + -2.
12
What is 4 - (8 + -3 + 5 + (-12 - -13))?
-7
What is the value of 0 + 2 + (9 - (-17 + (15 - -5)))?
8
(-18 - (-41 - -22)) + (16 - 1)
16
What is -14 + 1 + 278 + -250?
15
What is the value of -27 - (17 - 1 - (56 - 28 - 20))?
-35
(-43 - -42) + 2 + 6
7
What is the value of 19 + -43 + (6 - 0 - (24 - 13))?
-29
18 + -39 + 16 + -1 + -6
-12
Calculate -12 + (-1 - -7 - -11) - -2.
7
(-1 - (0 - (-4 + 2))) + -197 + 202
2
What is the value of -12 - (-11 - -12 - 9)?
-4
What is -1 + -7 + (6 + -5 - (-7 + 11))?
-11
Calculate 16 - ((-112 - -109) + (8 - 1 - 2)).
14
Calculate (1 + 10 - (3 + -5)) + (5 - 1).
17
Calculate -7 + (-2 - -10) + (7 + -6 - 9).
-7
What is -34 + (4 - 11 - 0 - -17)?
-24
What is the value of (-1 - 24 - -17) + 19?
11
What is the value of -220 + 233 - (2 + -2)?
13
What is -18 + 25 - (-5 + 16) - 20?
-24
What is -4 - (-4 + (-6 - -2) - (-14 + 9))?
-1
What is -8 - ((3 - -4) + -7 + (-9 - -10))?
-9
Evaluate (-201 - -173) + 13 + 0.
-15
1 - (-6 + 4 + 3)
0
Calculate -19 + (26 + -31 - (-2 + -1 + 1)).
-22
What is the value of (95 - 103) + (-3 - -2)?
-9
3 - (5 - (7 - (-1 - -6)))
0
What is the value of (5 - (4 - (7 + 1))) + -8?
1
What is the value of 6 + -7 + (3 - 10) + 2 - -3?
-3
What is 1 + -28 - (-4 + -40 + 38)?
-21
Calculate 6 - (-6 - (-3 + 13 + -16)).
6
What is the value of (8 - (2 + -1)) + -136 + 136?
7
Calculate (-26 - 3) + (-20 - -39).
-10
What is (-21 + -2 - (-36 - -24)) + 13?
2
Evaluate -13 - (-28 + 20) - -14.
9
Evaluate (-2 - -2) + -1 - (32 + -30).
-3
What is the value of 12 - (7 + (-12 - -5))?
12
What is the value of (-4 - 6) + -37 + 39?
-8
Calculate (2 - (-4 + -2)) + -114 + 117.
11
Evaluate -9 + (5 - 9) + 14 + -2.
-1
What is the value of -2 + 11 + (-1 - (-22 + 10))?
20
What is the value of (-7 - (17 - 24)) + (-5 - 1) - -14?
8
Calculate -2 + -17 - ((-24 - -9) + 4 + 9).
-17
-1 + 0 - (4 + (12 - 7 - 12))
2
Calculate 1 + 3 + -1 - (-780 - -791).
-8
Evaluate (3 - 29) + 12 - -35.
21
Evaluate -6 + 15 + 2 + 17 + -13 + 0.
15
Evaluate -6 - (1 - (0 - (5 - (5 + 3)))).
-4
What is 1 + 14 - (26 - (80 - 43))?
26
-11 - (8 + 10 + -20)
-9
Calculate 22 + (-7 - (-4 - -2)).
17
What is (3 + -5 - (8 + -11)) + (0 - 0)?
1
What is 0 + -2 + 2 - (-280 + 272)?
8
Evaluate -42 + (9 - (4 - 14)).
-23
What is 10 + (-18 - (-1 + 14)) - -3?
-18
Evaluate 4 - (-16 + 15 + -9 - -4).
10
What is -38 + (-12 - -27) - (7 - (-8 + 16))?
-22
What is the value of 5 + (-1 - 3 - (7 + 7))?
-13
Evaluate (4 - 0) + -3 - (27 - 26).
0
What is 8 - (5 - 11) - 19?
-5
What is -16 + 20 + (8 - (7 - 13))?
18
What is (-18 + 5 + (0 - -4) - -2) + 16?
9
What is -63 + 18 + 48 - (1 - (10 + 2))?
14
Evaluate (-2 - (-7 - 2)) + 3 - (-22 + 28).
4
Evaluate -8 - (-6 + 27 + -16).
-13
8 + -6 + -11 - 3
-12
What is 44 + -31 + 23 + -21?
15
What is (1 - -3) + 2 + -9?
-3
-10 + (-3 - (2 - 10)) - -7
2
What is the value of -4 - (-1 + 1) - (366 + -376)?
6
What is the value of 0 + -54 - (6 + -35 - -11)?
-36
What is -5 + 7 + 5 + 0 + (1 - 8)?
0
Calculate -11 + (6 - (-10 - -3)).
2
-27 + 26 - (1 - 19)
17
What is -28 - (-41 - (-11 - -5))?
7
35 + -44 - (2 + -3 - -11)
-19
What is the value of (9 - 4) + 8 + 6 + 6?
25
-15 - (-3 + -8 - -4)
-8
Calculate -3 + -49 - (184 - 211).
-25
What is the value of 9 + -16 + 0 - (-5 + 2 + 10)?
-14
What is the value of -37 + (1 - 4) + (7 + 2 - 3)?
-34
What is (-8 + 11 + -4 - -1) + 10?
10
What is the value of -19 + 11 + -1 - -11?
2
-1 + -11 - (423 - 423)
-12
What is 11 + (10 - (16 + -7) - (2 - 1))?
11
Calculate -1 - (-1 - (9 - 4 - -4)).
9
(0 + 3 + -12 - -13) + 10
14
What is the value of -900 + 897 + -4 + 0?
-7
(13 - (11 + 22 - -14)) + 3
-31
What is the value of 7 + 35 + -32 + -2?
8
Calculate -4 - -13 - (-3 - 12) - -2.
26
5 + 1 + 27 + -34 + 5 + -1
3
What is the value of -13 + 18 + (21 - (2 + -1 - -3))?
22
Calculate -22 + 3 + -62 + 79 + (8 - 1).
5
What is the value of -13 + (7 - (10 + (-8 - -5)))?
-13
27 + (16 - 8) + -7
28
Evaluate (-5 - (12 + -27 - (-2 - -1))) + -20.
-11
-12 - (-14 + -18 + 10)
10
Calculate 5 + (2 + -8 - -9) + 0.
8
What is (6 - (6 + -8 + 7)) + 5?
6
Calculate (-4 - (-11 + 10)) + (6 - 7).
-4
7 + -1 - (-2 + -12 - -18)
2
What is the value of 5 - (3 - (-7 + 2 + 7))?
4
Evaluate -5 + (-13 - -2 - (27 - (-5 + 10))).
-38
What is the value of 13 + (-8 - 6 - 16) - 8?
-25
What is the value of 0 - 8 - (12 + (4 - 5) + -12)?
-7
-9 - -19 - (1 + 36)
-27
-65 + 70 + -24 + 3
-16
Evaluate 35 + -9 + (-48 - -18).
-4
4 + (-16 - (11 - 18))
-5
29 + (-15 - 15) - (-3 + -1)
3
4 + (10 - (17 + (-18 - -7)))
8
Calculate -6 - 3 - (-112 - -115).
-12
What is the value of 4 + -1 + 11 + 4 - (3 + -4)?
19
7 - 3 - (143 - 133)
-6
Calculate -7 + 20 + 0 - (19 + -18 + 4).
8
What is 7